- m. Determine n(c).
11
Let c(t) = -t + 2. Let s(x) = -6*x + 84. Let l be s(13). Suppose l - 16 = -2*b, -3*j + 44 = b. Give c(j).
-11
Let l(a) = -5*a**3 - 25*a**2 - 11. Let p(c) be the first derivative of c**4/2 + 3*c**3 + 4*c + 45. Let t(v) = -4*l(v) - 11*p(v). Give t(1).
-1
Suppose -2*x + 43 = 5*l, -12*l + 44 = -8*l + 4*x. Let v(f) = 10*f - l*f**3 + 6*f**2 + 8*f**3 - 1 - 7*f. Give v(-5).
9
Let z(o) = -o**3 - 5*o**2 - 3*o - 6. Let i be (-188)/(-28) - 7 - 2026/14. Let t = i - -140. Determine z(t).
9
Let w(r) = -2*r. Let m be 0 + 3 + -1 + -3. Let k(t) = -8*t - 1. Let g(d) = m*k(d) + 2*w(d). Suppose 0*i - 5*i + 15 = 0. Give g(i).
13
Let s(y) = y**3 + 2*y**2 - y + 3. Suppose -4*q - 40 = -4*f, 0 = -5*q - 4*f + 5*f - 46. Let h(j) = -j**2 - 8*j + 5. Let w be h(q). Calculate s(w).
-25
Let s(k) = k**3 + 6*k**2 - k - 9. Let p(q) = 2*q - 2. Let r(d) = -11*d + 14. Let a(h) = 34*p(h) + 6*r(h). Let o be a(-11). Calculate s(o).
-3
Let t(j) = 5*j**2 - 5*j - 18. Let y(q) = -2*q**2 + q. Let c(k) = -3*k - 16. Let r(p) = c(p) - 2*y(p). Let m(w) = -4*r(w) + 3*t(w). Calculate m(6).
4
Let r = 17 + -12. Suppose 3*i = -3*w + 18, 51 = -2*w - i + 62. Let p be w - (-5)/(r/(-4)). Let g(q) = 2*q**3 - q + 1. Calculate g(p).
2
Let p(o) = -2*o + 3. Let i = 706 + -480. Let v = 232 - i. Give p(v).
-9
Let y = -2725 - -2763. Let s(i) = -i**3 + 37*i**2 + 40*i - 83. Determine s(y).
-7
Let w = -8650 - -8644. Let x(u) = 6*u + 28. Calculate x(w).
-8
Let x(o) be the third derivative of 11*o**4/8 - 115*o**3/3 - 12225*o**2. Calculate x(7).
1
Let q be 13/3 + 52/(-39) + 30. Suppose -2*z + 6 = 4*c, -3*z = -0*c - 2*c - q. Let r(t) = 5*t - 111*t**3 - z*t**2 + 112*t**3 - 11 + 4*t. Calculate r(8).
-3
Let v = -233 - -237. Let x be v - -1*9/(-3). Let j(o) = 8*o**3 - o**2 + o. Determine j(x).
8
Let n = 17143 + -17128. Let f(l) = -3*l**2 + 47*l - 20. Give f(n).
10
Suppose 0 = 3*s + 4*t + 26 - 14, -3*s + 36 = -4*t. Let j(w) = -w**3 + 2*w**2 + w + 2. What is j(s)?
-26
Let p = 1534 + -1534. Let g(v) be the second derivative of 0*v**2 - 16*v - 1/6*v**3 + p + 1/3*v**4. What is g(-1)?
5
Suppose -28 = -5*w + w - 5*l, 5*w + 3*l - 22 = 0. Suppose -5*k + 2*k = w*y + 2, k = y + 1. Let m(q) = -19*q**3 - q - 1. What is m(y)?
19
Let o(c) = -4*c - 17. Suppose 0 = 47*t - 42*t - 50. Calculate o(t).
-57
Let y(j) = 9*j + 8. Let a(p) = 11*p + 10. Let c(i) = 5*a(i) - 6*y(i). Let h = 87 + -81. Suppose -12 = -5*v + 3, -f - v = h. Calculate c(f).
-7
Let h be 224/21 + 3/9. Suppose 11 + h = 22*w. Let q(i) = -7*i**3. Determine q(w).
-7
Suppose -98 = -4*q + m, -3*m = q - 12 - 6. Let o be -1 - (4/6)/(q/(-108)). Let a(z) = -8 + 3*z**2 - z**o + 9 - 2*z. Give a(2).
5
Let o(l) = -l**2 + l + 3. Let i = 275 + 150. Let q = i - 420. Determine o(q).
-17
Let i = -30 + 26. Let d be (i/(-12))/(1/45). Suppose 3*l - d = 0, l = x - 1 + 6. Let w(r) = r + 7. Determine w(x).
7
Let y(h) be the second derivative of 1/6*h**3 + 3*h**2 + 41*h + 0. Give y(0).
6
Let g = -6 + 3. Let m = 99242 + -70494. Let o(b) = -b**2 + 2 - m*b + 28748*b. Determine o(g).
-7
Let d(j) = -j**3 + 3*j**2 - 3*j + 4. Suppose 1078 = -8*x - 4698. Let q = -719 - x. Calculate d(q).
-5
Let c = -20554 + 20552. Let y(q) = -70*q + 7. Determine y(c).
147
Let g(u) = 29*u - 2. Let b(c) = 64*c - 8. Let x(f) = 5*f - 1. Let y(v) = -b(v) + 6*x(v). Let q(d) = -7*g(d) - 6*y(d). Determine q(6).
8
Let b(w) = -w**2 + w - 4. Let s(x) = 11*x**2 - 17*x + 48. Let l(r) = 12*b(r) + s(r). Let a(k) = -k**3 + 5*k**2 - 4. Let g be a(5). Determine l(g).
4
Let m be (-8)/(-3 + 0 + 1). Let t(z) be the second derivative of -z**3/6 - 5*z**2/2 - 78*z + 1. Determine t(m).
-9
Suppose 5*c + 6*q = 2*q + 67, -62 = -4*c + q. Let n be (c/6 + -2)*2. Let d(p) = -4*p**2 + 7*p - 1. Let k(a) = a. Let w(h) = d(h) - 6*k(h). Calculate w(n).
-4
Let l(g) = g**3 + 15*g**2 - 34*g - 8. Let c(f) = 531*f - 548. Let q be c(1). What is l(q)?
-8
Let t = -13885 + 13881. Let f(q) = -3*q**2 - 20*q - 42. What is f(t)?
-10
Let x(o) = -7*o - 29. Let n(q) = -4*q - 19. Let a(w) = -8*n(w) + 5*x(w). Determine a(-6).
25
Let f(p) = p**3 + 19*p**2 - p - 10. Suppose -z - 42 = 2*w, -3*z - 86 = 3*w - 17. What is f(w)?
9
Let p(b) = -6*b + 53. Let q(l) = -l**3 - 2*l**2 + l + 2. Let z be q(-3). Let m be p(z). Let h(f) = -f. Give h(m).
-5
Let j(p) be the first derivative of p**3/3 + 9*p**2/2 + 16*p - 1. Let c be ((-7)/6)/((-284)/(-1704)). Let y be j(c). Let m(h) = 4*h - 3. Give m(y).
5
Let v be (9/3 + -4)/(0 - 1). Suppose 7*t - 36 = -v. Let s(y) = -y**3 + 4*y**2 + 4*y - 6. Determine s(t).
-11
Let q(b) be the third derivative of -b**4/12 - 5*b**3/6 + 63212*b**2. Let r(c) = -c + 1. Let w be r(-1). Let x be (-10)/w + (2 - 1). Calculate q(x).
3
Let o(q) = -14*q**2 + 15*q + 45. Let v(p) = 6*p**2 - 8*p - 20. Let d(h) = -2*o(h) - 5*v(h). Calculate d(8).
-38
Let y(l) = -2*l**3 + 32*l**2 + 35*l - 18. Let x = -3102 - -3119. Calculate y(x).
-1
Suppose 2*h + 9 = 6*q - q, -24 = -4*q - 4*h. Let t(b) = -10581*b - 4 - 5*b**2 - b**q + 10581*b. Calculate t(-5).
-4
Let g(b) = -b**3 + 6*b**2 + b + 8. Let j = -19 - -25. Let d be g(j). Let o(l) = -2*l - 6*l - 2 + d*l. Determine o(-2).
-14
Let h(g) = 4*g**2 - 17*g - 17. Let m be h(-1). Let n(u) = 5 - 9 + 2*u + 4*u - u**2 - 4*u + 4*u. Calculate n(m).
4
Let d = 1 + -4. Let z(u) = -u**3 + u**2. Let g(n) = 5*n**3 - 8*n**2 + 1. Suppose 454*i + 2 = 456*i. Let s(c) = i*g(c) + 6*z(c). Calculate s(d).
10
Suppose 23*u + 5*u - 308 = 0. Let g(b) = b**3 - 6*b**2 + 11*b - 11. Let k(j) = -j**3 + 7*j**2 - 11*j + 11. Let o(w) = 5*g(w) + 6*k(w). Calculate o(u).
11
Let m(q) = q**3 + 18*q**2 + 33*q + 30. Let d be m(-16). Let h be -2 - (-11)/(77/d). Let z(i) be the second derivative of i**3/6 - i. Determine z(h).
0
Let s(k) = 16*k - 1 + 11 - 9*k + 2*k + 0*k. Calculate s(0).
10
Let o(k) = k**2 - 426*k + 141*k + 17 + 141*k + 138*k + 0*k**2. Give o(5).
12
Let j(o) = 4*o - 2. Let q be 5/10*-20 - (3 - 1). Let r(h) = -h**2 - 12*h - 1. Let a be r(q). Calculate j(a).
-6
Let f = 2257/6780 + 1/2260. Let o(n) be the third derivative of 0 + 0*n - 1/60*n**5 - 5*n**2 - 1/6*n**4 + f*n**3. Determine o(-5).
-3
Let m be (-7)/(-112)*(-4)/(-6) + 0. Let v(o) be the third derivative of 0*o + 0 - 19*o**2 - m*o**4 + 1/2*o**3. Determine v(6).
-3
Let a(o) = 32*o**2 - 41*o - 53. Let u(q) = -19*q**2 + 21*q + 28. Let x(p) = -3*a(p) - 5*u(p). Determine x(18).
19
Let g(s) = 60*s + 4 - 16*s - 23*s - 20*s. Suppose -5*n = 30 - 55. Calculate g(n).
9
Let y = -301 + -168. Let m = 477 + y. Let x(q) = -3*q + 10. Determine x(m).
-14
Let k(i) = 0 + 2 + i - 6. Let x be ((-2 + -1)*24/(-324))/(3/27). Give k(x).
-2
Let n(c) be the first derivative of -c**6/180 + c**5/60 + 5*c**4/24 - 32*c**3/3 - 5. Let k(x) be the third derivative of n(x). Calculate k(4).
-19
Let z(t) = t**3 + 12*t**2 + 127*t - 19. Let w(v) = v**2 - 24*v - 1. Let f(b) = 4*w(b) + z(b). Determine f(-14).
-65
Suppose 13*q - 24*q + 4 = 15. Let t(j) = -j**3 - 4*j**2 - 3*j + 1. Calculate t(q).
1
Let a(k) = -1. Let p(s) = -6. Let o(g) = -33*a(g) + 6*p(g). Let f(y) = -y - 5. Let x(d) = -f(d) - 4*o(d). Calculate x(-12).
5
Let p(z) = 2*z + 3. Let h(i) = i**3 - 10*i**2 + 14*i + 8. Let u be h(9). Let y = u - 48. Give p(y).
13
Let k(l) = -l**2 - 472 + 171*l + 122*l - 207*l. Give k(6).
8
Let b(u) = -u**3 - u**2 + 15*u + 3. Let d(v) = 3*v**3 + 2*v**2 - 44*v - 8. Let t(n) = -8*b(n) - 3*d(n). What is t(5)?
-15
Let r(c) = c**3 + 6*c**2 + 2*c + 8. Let v(m) = 2*m**2 - 3 + 1 - 13*m - 25*m + 47*m. Let i be v(-4). What is r(i)?
-4
Let z(s) = 4*s**3 - 27*s**2 + 15*s + 18. Let y be z(6). Let h(w) = -w**2 - 24. Let v(d) = -d**2 - 24. Let t(q) = -5*h(q) + 6*v(q). Calculate t(y).
-24
Suppose 24*c - 53*c - 161 + 45 = 0. Let p(h) = 3*h - 9. Let g(u) = 1. Let m(s) = -15*g(s) - p(s). Give m(c).
6
Let r(o) = -409*o - 412. Let s be r(-1). Let c = 49 + -28. Let f be 12 + (-1)/s + (-7)/c. Let v(g) = g**3 - 12*g**2 - 2*g + 18. Calculate v(f).
-6
Let u(r) = -r**3 - 2*r**2 + r + 1. Let n be 3 + (-462)/(-5) + (-21)/(-35). Let x = 93 - n. Determine u(x).
7
Let k = -131 - -270. Suppose k*g + 28 = 146*g. Let p(z) = z**3 - 5*z**2 + 6*z - 9. Calculate p(g).
-1
Let c = -270 + 275. Let g(l) = -6*l + 21*l - c*l - 6*l - 9*l + 15. What is g(4)?
-5
Let a(m) = 4*m - 3. Let g = 80 + -42. Let u = -38 + g. Suppose -7*k + u*k + 14 = 0. What is a(k)?
5
Let h(f) = 22*f**3 - 27